it of t?
1
Let v be (-26)/(-1) + (-3 - 0). Let f = v + -11. What is the units digit of f?
2
Let b = -12 + 30. Let q = -4 - -7. Suppose q - b = -5*z. What is the units digit of z?
3
Suppose -7*b + 28 = -3*b. What is the units digit of b?
7
Suppose 3*q = 43 + 74. What is the units digit of q?
9
Let t = 8 - 6. Let m(l) = l**3 + 9*l**2 - l + 6. Let p be m(-9). What is the units digit of (p/t)/(6/8)?
0
Suppose 3*k + 15 - 6 = 0. Let w(t) be the third derivative of -t**4/24 - 5*t**2. What is the units digit of w(k)?
3
Let r(b) = -b**3 - 9*b**2 - 4*b + 21. What is the units digit of r(-9)?
7
Suppose 64 - 308 = -2*u. What is the units digit of u?
2
Let z(q) = q - 8. Let u be z(7). What is the units digit of 30/(-12)*(-3 - u)?
5
Let l(b) = -b**3 + 2*b**2 - b - 1. Let p be l(2). Let i(o) = o**3 + 4*o**2 + 2*o - 2. What is the units digit of i(p)?
1
Let q(f) = -f**2 + 2*f - 2. Let t be q(4). Let s = 2 - t. What is the units digit of s?
2
Let y = -24 + 16. Let n = 4 + y. What is the units digit of (-2)/4 - 58/n?
4
Suppose -84 - 564 = -8*m. What is the units digit of m?
1
Let f(a) be the first derivative of 2*a**3/3 - a**2/2 + 2*a - 2. Let c be f(2). Let n = 16 - c. What is the units digit of n?
8
Suppose 2*g - 19 = -5*s, -3*g + 15 = 4*s + 4. Let f(m) = m**2 - 4*m - 2. What is the units digit of f(s)?
3
Let f be 1 - (84 - 3/3). What is the units digit of f/(-5) - 4/10?
6
Let l = 137 + -97. What is the units digit of l?
0
Suppose 0*q = -4*q - 3*i + 336, -2*q + 168 = -5*i. What is the tens digit of q?
8
What is the units digit of ((-120)/(-100))/(4/210)?
3
Let s be ((-6)/7)/(2/(-14)). Let c be ((-4)/s)/(4/(-12)). Suppose -c*i + 24 = 2*i. What is the units digit of i?
6
Suppose 165 + 1 = 2*c. What is the units digit of c?
3
Let g(r) = -r**2 - 11*r + 38. What is the tens digit of g(-11)?
3
Let p = -11 + 30. Let l = 48 - p. What is the units digit of l?
9
Suppose 2*l + t - 1 = 0, -2*t + 12 = 4*l + 2*t. Let j = -5 - l. What is the units digit of (-1)/((1 + j)/4)?
2
Suppose -2*k = 2 - 14. What is the units digit of k?
6
Suppose -290 = -2*u - 0*u. What is the units digit of u?
5
Let z(g) = g - 1 + 5 + g**3 + 1 - g**2. What is the units digit of z(0)?
5
Suppose -6*p = -10*p. Suppose -5*y + 24 - 9 = p. What is the units digit of y?
3
Suppose -3*g + 3*u = 4*u - 418, -5*g + 5*u = -670. What is the tens digit of g?
3
What is the units digit of 4 + (3 - 68/(-2))?
1
Let p(j) = -7*j + 0*j - 1 - 4*j. Let d(f) = -f - 5. Let s be d(-4). What is the units digit of p(s)?
0
Suppose -3*f + 35 + 163 = 0. Suppose -4*t - 23 = 2*n - 5*n, -5*t = 2*n. Suppose -n*m - a = 3*a - f, 3*m - 47 = 5*a. What is the tens digit of m?
1
Let z = 827 - 493. What is the units digit of z?
4
Suppose 11*k - 5 = 6*k. What is the units digit of 6/((-1 - -2)*k)?
6
What is the tens digit of -3*2/3 - -69?
6
Let h(q) be the second derivative of q**5/20 + q**4/3 + q**2 + q. Let y be -1 + -3 - 0 - 0. What is the units digit of h(y)?
2
Let b(n) = -2 - n - 3*n - n**2 - 3*n. What is the units digit of b(-5)?
8
Let s(p) = p**3 + p**2 - 2*p - 1. Suppose 0 = 3*r - r - 20. Suppose -4*g - q = -0*g - 8, 5*g - 5*q = r. What is the units digit of s(g)?
7
Let f(z) = -z**3 - 7*z**2 - 9*z - 19. What is the units digit of f(-8)?
7
Let q be 112/42*75/4. Suppose -4*h - 10 + q = 0. What is the units digit of h?
0
Let g = 5 - 3. Suppose 3*z - 75 = -3*s, 2*z = -g*s + 3*z + 65. What is the tens digit of s?
3
Let w(m) be the second derivative of m**5/20 - 3*m**4/4 + 4*m**3/3 + 4*m**2 - 5*m. What is the units digit of w(8)?
8
Let n(t) = -t + 1. Let u be n(3). Let k be u/(-4) + 40/16. What is the units digit of (0 + (-33)/(-9))*k?
1
Suppose a - 14 = 6. What is the units digit of a?
0
Suppose 91 = 4*i - 29. What is the tens digit of i?
3
Let h be 4/(-3)*6/(-4). Suppose 16 = 7*a - 33. Suppose -h*k - a = -25. What is the units digit of k?
9
Let g be ((-6)/(-4))/(15/40). Suppose n = -g*n + 75. What is the units digit of n?
5
Let a be 46/(-3) + 1/3. Let p = a + 19. What is the units digit of p?
4
Suppose 16 = -2*d + 56. Let i = -3 + 4. What is the units digit of (i/(2/d))/1?
0
Let y(r) = 2*r**3 - 5*r**2 + 6*r - 7. What is the units digit of y(5)?
8
Let x = 6 + -13. Let l = 7 + x. Suppose -30 = -l*f - 5*f. What is the units digit of f?
6
Suppose 0 = x + 2*x - 5*a - 20, x + 5*a = 40. Let i be (24/x)/((-2)/(-5)). Suppose 28 = 4*d + i. What is the units digit of d?
6
Let t(o) = o**3 + 7*o**2 + 6*o + 3. Let w be t(-6). Let l = 6 - w. Suppose l*g + 2*v = 20, g + 6 + 2 = 3*v. What is the units digit of g?
4
Let d(z) = -z**2 - 3*z + 4. Let k be d(-3). Suppose 5*u = -4*b + 231, b - k*b = -4*u + 160. What is the tens digit of u?
4
Suppose u - 4*m + 16 = 0, 0 = -u + 2*m + 2 - 8. What is the units digit of u?
4
Suppose 4*d = 19 + 21. What is the tens digit of d?
1
Let q = 75 + -39. Suppose -k = 3*h - 0*h - 1, -2*h - q = -3*k. What is the tens digit of k?
1
Suppose -2*u - 4*v - 4 - 10 = 0, 3*u + 5*v + 26 = 0. Let w = u + 27. What is the units digit of 2/w + (-48)/(-10)?
5
Suppose -y = y - 4. Suppose 2 = y*i - 4. Suppose i*p + 18 = 5*p. What is the units digit of p?
9
Let t(j) = -j + 29. What is the tens digit of t(8)?
2
Suppose 14*n = 11*n + 444. What is the hundreds digit of n?
1
Suppose 1318 = 6*j + 340. What is the hundreds digit of j?
1
Suppose 6 = 3*i - 0. Suppose -3 = 2*j - 5*z, -10 = -4*z + i. Suppose 4*u = 26 - j. What is the units digit of u?
5
Suppose -4 = 2*b + 2*b. Let y = 17 - b. What is the units digit of y?
8
Suppose 2*i = a + 6*i - 59, 4*a = 5*i + 215. Suppose z + 4*z = a. What is the units digit of z?
1
Let i = 2 + -5. Suppose 3*s - 18 = -3*k + 4*k, -3*s - k = -18. Let w = s - i. What is the units digit of w?
9
Let o(q) = q**3 + 9*q**2 + 12*q - 1. What is the tens digit of o(-6)?
3
Let j(o) = -10*o + 5. What is the tens digit of j(-4)?
4
Let h(l) = 2*l - 9 - 6 + 3. What is the units digit of h(8)?
4
Suppose 277 = -0*d + 5*d + 4*y, 3*d = 2*y + 153. What is the tens digit of d?
5
Let j(w) = -w + 13. Let f be j(6). Let l = f + -15. Let r = 0 - l. What is the units digit of r?
8
Suppose 5 = 2*u + 4*n + 1, 0 = -2*u + 5*n + 22. Let s be (-1 + u/3)*1. What is the units digit of s/(-1)*1*-6?
6
Let h(t) = -12*t + 34. Let b(w) = -8*w + 23. Let i(g) = 7*b(g) - 5*h(g). What is the units digit of i(5)?
1
Let u(c) = -c**2 - c. Let y(b) = -5*b**2 - 12*b - 5. Let x(h) = -6*u(h) + y(h). Let q be x(6). What is the units digit of (18/q)/((-4)/10)?
9
Let z = 27 + -26. What is the units digit of z?
1
Let u = 6 - 2. Suppose u*r = 8*r - 456. What is the tens digit of r/4*(-12)/(-18)?
1
What is the units digit of 399/1*(2 - 10/6)?
3
Let y(b) = b**3 - 5*b + 4. Let s be y(3). Let k = s + -7. What is the units digit of k?
9
Let l = 7 - 15. What is the units digit of l/(-52) + (-310)/(-13)?
4
Suppose 5*m + 67 = 377. What is the units digit of m?
2
Let f(s) = -2*s + 9. Let r be f(9). What is the units digit of (3/r)/(4/(-36))?
3
Let s(v) = -2*v**3 - 4*v**2 - v + 4. Let p be s(-4). What is the tens digit of (p/(-15))/(2/(-15))?
3
Let b = 192 + -125. Suppose 4*y - 2*u = -0*u + 46, -3*y - 5*u = -b. What is the units digit of y?
4
Let b(o) = 2*o + 8. What is the tens digit of b(9)?
2
Suppose 4*k + k - 8 = 4*j, 2*k - 4 = 2*j. Let m(q) = 8*q + 1 + k + 0. What is the units digit of m(1)?
9
Suppose 4*g + 375 = 4*f + 99, f = -4*g + 54. What is the units digit of f?
6
Suppose -4*v = -4 - 8. Suppose 0 = -v*x, -x + 68 - 13 = 5*k. What is the tens digit of k?
1
Let v be ((-63)/(-14))/(2/12). Let f = -11 + 18. Let x = v - f. What is the units digit of x?
0
Let t = 14 - 10. Suppose -t = -y - 0. Suppose 0 = -k - y*k + 45. What is the units digit of k?
9
Let p(a) be the third derivative of a**4/24 - a**3/3 - 8*a**2. Suppose 0 = 3*r - 0*r - 33. What is the units digit of p(r)?
9
Let z(y) = -y + 6. Let j be z(0). Let u = j + -4. Suppose 4*m + u*d = 46, 2*d = 3*d + 3. What is the units digit of m?
3
What is the units digit of (1*4 - 0)/((-5)/(-85))?
8
Suppose -42 = -2*a - 4*o, 5*o + 22 = 4*a - 62. What is the units digit of a?
1
Let z(r) be the third derivative of -r**4/24 + 3*r**3/2 - r**2. Let w be z(8). Let d = w + 2. What is the units digit of d?
3
Suppose 0 = 6*i + 2*i - 824. What is the units digit of i?
3
Let s = 6 + 0. Let h(x) = -x**3 + 6*x**2 + x - 2. Let p be h(s). Su